{"id":62,"date":"2022-08-03T12:32:41","date_gmt":"2022-08-03T15:32:41","guid":{"rendered":"https:\/\/viveromunicipal.sma.gob.ar\/?page_id=62"},"modified":"2023-09-28T11:47:52","modified_gmt":"2023-09-28T14:47:52","slug":"contacto","status":"publish","type":"page","link":"https:\/\/viveromunicipal.sma.gob.ar\/?page_id=62","title":{"rendered":"Contactate con nuestro equipo"},"content":{"rendered":"\n<div style=\"height:53px\" aria-hidden=\"true\" class=\"wp-block-spacer\"><\/div>\n\n\n\n<p>La Subsecretar\u00eda de Producci\u00f3n, Empleo y Desarrollo Social se encuentra ubicada en Av. San Mart\u00edn, esq. Juan Manuel de Rosas.<\/p>\n\n\n\n<p> Tel\u00e9fonos: (02972) 427315 Int. 320 &#8211; WP +5492972432482<\/p>\n\n\n\n<p>El vivero se encuentra en el barrio Villa La Cascada sobre calles Saurel 288.\u00a0<\/p>\n\n\n\n<p><\/p>\n\n\n\n<h2 class=\"wp-block-heading has-header-gradient-color has-text-color\"><strong>Oficina de Producci\u00f3n<\/strong><\/h2>\n\n\n\n<p><a href=\"mailto:iris.paredes@smandes.gob.ar\">iris.paredes@smandes.gob.ar<\/a><\/p>\n\n\n\n<p><a href=\"https:\/\/www.facebook.com\/subsepessma\/\"><img loading=\"lazy\" decoding=\"async\" width=\"42\" height=\"42\" class=\"wp-image-155\" style=\"width: 42px;\" src=\"https:\/\/viveromunicipal.sma.gob.ar\/wp-content\/uploads\/2022\/08\/facelogo.png\" alt=\"\">  Subsecretar\u00eda de Producci\u00f3n<\/a><\/p>\n\n\n\n<p><a href=\"https:\/\/www.instagram.com\/produccionsma\"><img loading=\"lazy\" decoding=\"async\" width=\"40\" height=\"40\" class=\"wp-image-156\" style=\"width: 40px;\" src=\"https:\/\/viveromunicipal.sma.gob.ar\/wp-content\/uploads\/2022\/08\/instagram-logo1-1024x1024-1.png\" alt=\"\" srcset=\"https:\/\/viveromunicipal.sma.gob.ar\/wp-content\/uploads\/2022\/08\/instagram-logo1-1024x1024-1.png 1024w, https:\/\/viveromunicipal.sma.gob.ar\/wp-content\/uploads\/2022\/08\/instagram-logo1-1024x1024-1-300x300.png 300w, https:\/\/viveromunicipal.sma.gob.ar\/wp-content\/uploads\/2022\/08\/instagram-logo1-1024x1024-1-150x150.png 150w, https:\/\/viveromunicipal.sma.gob.ar\/wp-content\/uploads\/2022\/08\/instagram-logo1-1024x1024-1-768x768.png 768w\" sizes=\"auto, (max-width: 40px) 100vw, 40px\" \/>  @produccionSMA<\/a><\/p>\n\n\n\n<div style=\"height:18px\" aria-hidden=\"true\" class=\"wp-block-spacer\"><\/div>\n\n\n\n<h2 class=\"wp-block-heading has-header-gradient-color has-text-color\"><strong>Equipo T\u00e9cnico Vivero Abono Compuesto<\/strong><\/h2>\n\n\n\n<p class=\"has-text-align-left\"><img loading=\"lazy\" decoding=\"async\" width=\"50\" height=\"50\" class=\"wp-image-213\" style=\"width: 50px;\" src=\"https:\/\/viveromunicipal.sma.gob.ar\/wp-content\/uploads\/2022\/08\/Sin-titulo-1.png\" alt=\"\" srcset=\"https:\/\/viveromunicipal.sma.gob.ar\/wp-content\/uploads\/2022\/08\/Sin-titulo-1.png 1496w, https:\/\/viveromunicipal.sma.gob.ar\/wp-content\/uploads\/2022\/08\/Sin-titulo-1-298x300.png 298w, https:\/\/viveromunicipal.sma.gob.ar\/wp-content\/uploads\/2022\/08\/Sin-titulo-1-1017x1024.png 1017w, https:\/\/viveromunicipal.sma.gob.ar\/wp-content\/uploads\/2022\/08\/Sin-titulo-1-150x150.png 150w, https:\/\/viveromunicipal.sma.gob.ar\/wp-content\/uploads\/2022\/08\/Sin-titulo-1-768x773.png 768w\" sizes=\"auto, (max-width: 50px) 100vw, 50px\" \/>+5492972432482<\/p>\n\n\n\n<p>Walter Quilaleo<br><a href=\"mailto:walter.quilaleo@smandes.gob.ar\">walter.quilaleo@smandes.gob.ar<\/a><\/p>\n\n\n\n<p>Vanesa Alvarado<br><a href=\"mailto:vanesa.alvarado@smandes.gob.ar\">vanesa.alvarado@smandes.gob.ar<\/a><\/p>\n\n\n\n<hr class=\"wp-block-separator has-alpha-channel-opacity\"\/>\n","protected":false},"excerpt":{"rendered":"<p>La Subsecretar\u00eda de Producci\u00f3n, Empleo y Desarrollo Social se encuentra ubicada en Av. San Mart\u00edn, esq. Juan Manuel de Rosas. Tel\u00e9fonos: (02972) 427315 Int. 320 &#8211; WP +5492972432482 El vivero se encuentra en el barrio Villa La Cascada sobre calles Saurel 288.\u00a0 Oficina de Producci\u00f3n iris.paredes@smandes.gob.ar Subsecretar\u00eda de Producci\u00f3n @produccionSMA [&hellip;]<\/p>\n","protected":false},"author":1,"featured_media":0,"parent":102,"menu_order":4,"comment_status":"closed","ping_status":"closed","template":"","meta":{"footnotes":""},"class_list":["post-62","page","type-page","status-publish","hentry"],"_links":{"self":[{"href":"https:\/\/viveromunicipal.sma.gob.ar\/index.php?rest_route=\/wp\/v2\/pages\/62","targetHints":{"allow":["GET"]}}],"collection":[{"href":"https:\/\/viveromunicipal.sma.gob.ar\/index.php?rest_route=\/wp\/v2\/pages"}],"about":[{"href":"https:\/\/viveromunicipal.sma.gob.ar\/index.php?rest_route=\/wp\/v2\/types\/page"}],"author":[{"embeddable":true,"href":"https:\/\/viveromunicipal.sma.gob.ar\/index.php?rest_route=\/wp\/v2\/users\/1"}],"replies":[{"embeddable":true,"href":"https:\/\/viveromunicipal.sma.gob.ar\/index.php?rest_route=%2Fwp%2Fv2%2Fcomments&post=62"}],"version-history":[{"count":41,"href":"https:\/\/viveromunicipal.sma.gob.ar\/index.php?rest_route=\/wp\/v2\/pages\/62\/revisions"}],"predecessor-version":[{"id":380,"href":"https:\/\/viveromunicipal.sma.gob.ar\/index.php?rest_route=\/wp\/v2\/pages\/62\/revisions\/380"}],"up":[{"embeddable":true,"href":"https:\/\/viveromunicipal.sma.gob.ar\/index.php?rest_route=\/wp\/v2\/pages\/102"}],"wp:attachment":[{"href":"https:\/\/viveromunicipal.sma.gob.ar\/index.php?rest_route=%2Fwp%2Fv2%2Fmedia&parent=62"}],"curies":[{"name":"wp","href":"https:\/\/api.w.org\/{rel}","templated":true}]}}