{"id":346,"date":"2022-08-04T13:04:53","date_gmt":"2022-08-04T16:04:53","guid":{"rendered":"https:\/\/viveromunicipal.sma.gob.ar\/?page_id=346"},"modified":"2022-08-10T09:28:43","modified_gmt":"2022-08-10T12:28:43","slug":"quienes-somos","status":"publish","type":"page","link":"https:\/\/viveromunicipal.sma.gob.ar\/?page_id=346","title":{"rendered":"Qui\u00e9nes somos"},"content":{"rendered":"\n<p>El Vivero Abono Compuesto depende de la Subsecretar\u00eda de Producci\u00f3n, Empleo y Econom\u00eda Social de la Municipalidad de San Mart\u00edn de los Andes.\u00a0<\/p>\n\n\n\n<p>Espacio abierto a la comunidad en general, con\u00a0finalidades educativas pr\u00e1cticas referidas a la producci\u00f3n primaria de hortalizas org\u00e1nicas. El personal t\u00e9cnico de este lugar te brindar\u00e1 el asesoramiento necesario para que puedas aprender mediante la observaci\u00f3n e interpretaci\u00f3n del entorno natural.\u00a0<\/p>\n\n\n\n<p>Aqu\u00ed se busca, que mediante la practicidad y la visita in situ, el vecino pueda aprender de los ciclos b\u00e1sicos de las plantas en general. Generando una armon\u00eda entre los distintos elementos de la naturaleza y sus diversos ecosistemas.&nbsp;<\/p>\n\n\n\n<p>Transcurriendo las etapas iniciales de preparaci\u00f3n y nutrici\u00f3n del suelo mediante el\u00a0 aprovechamiento y elaboraci\u00f3n de compost, preparados org\u00e1nicos para el manejo y control de pat\u00f3genos, labores culturales generales, calendarios orientativos biodin\u00e1micos, siembra y preparaci\u00f3n de alm\u00e1cigos, trasplante, siembra directa, preparaci\u00f3n de camas de siembra, camellones, platabandas, canteros, etc. cantidad y calidad de riego, asociaci\u00f3n y rotaci\u00f3n de cultivos, producci\u00f3n de plantas arom\u00e1ticas y florales, etc.<\/p>\n\n\n\n<p>Estos ser\u00e1n algunos de los tantos\u00a0temas que se abordar\u00e1n a la hora de visitar esta p\u00e1gina y el vivero.<\/p>\n","protected":false},"excerpt":{"rendered":"<p>El Vivero Abono Compuesto depende de la Subsecretar\u00eda de Producci\u00f3n, Empleo y Econom\u00eda Social de la Municipalidad de San Mart\u00edn de los Andes.\u00a0 Espacio abierto a la comunidad en general, con\u00a0finalidades educativas pr\u00e1cticas referidas a la producci\u00f3n primaria de hortalizas org\u00e1nicas. El personal t\u00e9cnico de este lugar te brindar\u00e1 el [&hellip;]<\/p>\n","protected":false},"author":1,"featured_media":0,"parent":102,"menu_order":0,"comment_status":"closed","ping_status":"closed","template":"","meta":{"footnotes":""},"class_list":["post-346","page","type-page","status-publish","hentry"],"_links":{"self":[{"href":"https:\/\/viveromunicipal.sma.gob.ar\/index.php?rest_route=\/wp\/v2\/pages\/346","targetHints":{"allow":["GET"]}}],"collection":[{"href":"https:\/\/viveromunicipal.sma.gob.ar\/index.php?rest_route=\/wp\/v2\/pages"}],"about":[{"href":"https:\/\/viveromunicipal.sma.gob.ar\/index.php?rest_route=\/wp\/v2\/types\/page"}],"author":[{"embeddable":true,"href":"https:\/\/viveromunicipal.sma.gob.ar\/index.php?rest_route=\/wp\/v2\/users\/1"}],"replies":[{"embeddable":true,"href":"https:\/\/viveromunicipal.sma.gob.ar\/index.php?rest_route=%2Fwp%2Fv2%2Fcomments&post=346"}],"version-history":[{"count":4,"href":"https:\/\/viveromunicipal.sma.gob.ar\/index.php?rest_route=\/wp\/v2\/pages\/346\/revisions"}],"predecessor-version":[{"id":356,"href":"https:\/\/viveromunicipal.sma.gob.ar\/index.php?rest_route=\/wp\/v2\/pages\/346\/revisions\/356"}],"up":[{"embeddable":true,"href":"https:\/\/viveromunicipal.sma.gob.ar\/index.php?rest_route=\/wp\/v2\/pages\/102"}],"wp:attachment":[{"href":"https:\/\/viveromunicipal.sma.gob.ar\/index.php?rest_route=%2Fwp%2Fv2%2Fmedia&parent=346"}],"curies":[{"name":"wp","href":"https:\/\/api.w.org\/{rel}","templated":true}]}}